 11*w(r) + 4*y(r). Give i(-6).
7
Let v(o) be the first derivative of -o**6/360 - o**5/24 + o**4/24 + o**3 + 1. Let l(k) be the third derivative of v(k). Let h = 8 - 13. What is l(h)?
1
Let c(a) = -a**2 - 16*a + 41. Let q be c(-18). Let p(b) = -2*b - 6. Determine p(q).
-16
Let q be (-5)/(-7) + (-2)/(-7). Let g be 2 + (1 + 0 - q). Let z(r) = -r**3 + 0*r**3 + 5*r**3 - r**g. Determine z(1).
3
Let f(v) = -5 + 3*v + 4 + 4*v - 12*v + 0*v. Suppose -n - 2 + 3 = 0. Give f(n).
-6
Let y(j) be the second derivative of -j**4/12 + 7*j**3/6 - 2*j**2 - 15*j. Determine y(7).
-4
Let d = 46 - 44. Let n(y) = -3*y**3 + 2*y**2 - y. Calculate n(d).
-18
Let k(f) = 5*f**2 - 3*f. Let o(a) = -24*a**2 + 15*a + 1. Let d(m) = -11*k(m) - 2*o(m). What is d(2)?
-24
Let i(g) = g**2 - g + 1. Suppose -9*d + 5 = -4*d. Let u be -2 + d + (4 - 3). Calculate i(u).
1
Let j(g) = -3*g + 4. Suppose 4 = 4*b - 8. Give j(b).
-5
Let x(w) = w - 3. Suppose -3*l - 4 = 8. Let a be 6/l + (-18)/12. Determine x(a).
-6
Let k(b) be the third derivative of b**8/6720 + b**7/420 + b**6/144 - b**4/12 - 4*b**2. Let z(l) be the second derivative of k(l). Determine z(-4).
12
Let u(z) = z - 1. Let o(i) = 6*i - 11. Let m(c) = o(c) - 5*u(c). Let t be 2/(-3) + (-11)/(-3). Give m(t).
-3
Suppose -4*a - 29 = -9. Let l(v) = -7*v - 2. Let p(d) = 13*d + 3. Let t(m) = a*l(m) - 3*p(m). What is t(-2)?
9
Let f(u) = u**2 + 2 + 0*u**2 + 6*u - 8. Let m be f(-7). Let r(i) = -10*i - 2. Let w(k) = -5*k - 1. Let j(g) = -3*r(g) + 5*w(g). Determine j(m).
6
Let c(n) be the first derivative of n**4/4 - 2*n**3/3 - n**2/2 - 2*n + 10. Determine c(3).
4
Let h be 3*3/9*0. Let d be h + -1*(-2 - -2). Let b(z) = 3*z - 2*z + 0 + d. Give b(-2).
-2
Let g(o) be the second derivative of -o**4/4 - o**3/3 + o**2 - o. Let r(s) = 4*s - 3. Let c be r(2). Suppose 3*j - 4 = 5*a, c*j + 4 = 4*a + 2. Give g(a).
-6
Let k(w) = -w**2 + 7*w - 3. Let v be (-5 - -4)/(1 + 0)*-6. Calculate k(v).
3
Let g(h) be the second derivative of -h**3/6 + h**2/2 - h. Suppose q - 5*k = -7, 0*q + 4*q - 4*k = 4. Calculate g(q).
-2
Let o = -2 + 1. Let g(n) = -3*n + 0*n + 0 + 1. What is g(o)?
4
Suppose 2*z - 4*y = -16, -2*y - 3*y = 5*z - 20. Suppose -3*n - 6 + 0 = z. Let s(w) = -w**2 - 2*w. Calculate s(n).
0
Let w = 0 - -4. Let r = -5 + w. Let q = -2 - r. Let t(n) = -3*n**3. Determine t(q).
3
Let j(n) = -n**2 + 2*n + 2. Let h(c) = -c**2 + 3*c + 4. Let b(d) = -d - 1. Let l be b(-4). Let k be h(l). Give j(k).
-6
Let k(p) = p**3 - 3*p**2 - 5*p - 1. Let x(r) = -r**2 - 5*r + 4. Let g be x(-5). Let n be k(g). Let s(a) = -a**2 - 8*a - 7. Determine s(n).
8
Let i(d) be the first derivative of d**4 - d + 3 + 0*d**2 + 2/3*d**3. What is i(1)?
5
Let q(g) = g**2 - 7*g + 6. Let b(t) = -3 - 1 + 8. Let m(o) = o + 3. Let s(k) = -2*b(k) + 3*m(k). Let n be s(1). Give q(n).
-6
Let q be (16/6)/((-4)/(-6)). Let f(y) = y + 3*y - q - 3*y - 2*y. Let v be 2/8 + 13/(-4). Calculate f(v).
-1
Let a be (-1 - -4)/(6/4). Let v = -2 + a. Let n(h) = 1 - 3*h**2 + v + 9*h**2. Calculate n(1).
7
Let d(l) = -l + 2. Suppose 10*z - 2 + 52 = 0. Determine d(z).
7
Let j(o) = o + 1 - 2 + 2. Calculate j(-2).
-1
Let i(c) = c**2 + 4*c - 3. Let z = -1 - -20. Let s be z/(-4) + 5/(-20). Calculate i(s).
2
Let p(h) = h + 1. Let r(z) = -2. Let j(s) = 2*p(s) - r(s). Let f(c) = 3*c + 4. Let v(a) = -3*f(a) + 4*j(a). Suppose -8*x + 25 = -3*x. What is v(x)?
-1
Suppose 0 = 5*k + 3*y - 19 + 3, 0 = 5*k - 5*y. Let h(s) = 0*s - 4*s**k + 2*s - 2 - 4 - s**3 + 10*s**2. Give h(6).
6
Let s(m) = -3 - 9*m + 16*m + m**2 + 8 - 1. Give s(-7).
4
Let j(a) = 2*a - 11. Let u be j(3). Let n(w) = 3*w - 4*w + 3 - 5. Give n(u).
3
Suppose 5*o - 4 = 4*o. Let w(u) be the third derivative of u**5/60 - u**4/8 + 5*u**3/6 - 2*u**2. Determine w(o).
9
Let l(w) = -w. Let f(p) = p - 4. Let b be f(7). Suppose b*z + 60 = -z. Let r be (4/6)/((-10)/z). Give l(r).
-1
Let i(k) = 1. Let l(v) = -v. Let f(h) = 2*i(h) - l(h). What is f(-5)?
-3
Let i(z) = z**2 - z. Let d(q) = -3*q**2 + 4*q. Let w(o) = d(o) + 4*i(o). Let b(p) = 2*p**2. Let l(m) = -5*b(m) + 12*w(m). Calculate l(2).
8
Let f(o) be the first derivative of -o**6/24 - o**4/24 - o**3/6 + o**2/2 - 2. Let c(l) be the second derivative of f(l). Give c(-1).
5
Let x(t) = -2*t + 3. Let h be x(2). Suppose 2*m + 20 = 6*m. Let g(u) = 3*u**3 - 2*u + 3*u - m*u**3. What is g(h)?
1
Let u(n) = n**2 + 1. Let q(b) = -b**2 + 9. Let y be q(3). Determine u(y).
1
Let t(y) be the third derivative of 5/24*y**4 + 1/10*y**5 - 1/2*y**3 + 0*y + 3*y**2 + 0 + 1/120*y**6. Let j = 11 + -16. Calculate t(j).
-3
Suppose -8 = 5*l + 2*i, -4*l - 3*i - 12 = -l. Let h(m) = m**3 - 5*m**2 + m**2 + l*m - 4*m + 2*m. Determine h(4).
-8
Let h(k) be the second derivative of -1/2*k**3 - 1/20*k**5 + 7/12*k**4 - 7/2*k**2 + 0 - 3*k. Determine h(6).
11
Suppose -2*i + 12 = -0. Suppose -n + 10 = -i*n. Let j(b) be the first derivative of b**2 - 1. Determine j(n).
-4
Let y(f) = -4*f**2 + 0 + f**3 + 0*f**2 + 2 - 5*f. Determine y(5).
2
Let k(m) be the third derivative of 0 - 1/24*m**4 + 0*m - 2*m**2 + m**3. Determine k(4).
2
Let n(z) be the first derivative of -2/3*z**3 + 5/24*z**4 - 1 + 0*z + 1/30*z**5 - z**2. Let c(i) be the second derivative of n(i). Determine c(-4).
8
Let g(q) be the third derivative of -q**5/30 - q**4/8 + q**3/2 - 3*q**2. Let o(b) = 4*b**3 + b**2 + b + 1. Let x be o(-1). Give g(x).
-6
Let m(h) = -h**3 - 7*h**2 - h + 9. Suppose 0 = 2*d - 5*n + 6, -2*n = 2*d - 0*n - 8. Let y(t) = t**3 + t**2 - 1. Let x(q) = d*y(q) + m(q). Determine x(5).
2
Let p be (-1 - -2) + (-1 - -4). Suppose -5*a + 2*c + 25 = 0, 2*a + c - p = -3. Let s(l) = -l**3 + 4*l**2 - 4*l + 3. What is s(a)?
0
Let z(a) = -6*a**2 + 3*a - 9. Let w(m) = -7*m**2 + 2*m - 10. Let t = 10 + -4. Let j(i) = t*z(i) - 5*w(i). What is j(6)?
8
Let p(w) = w**3 - 4*w**2 + 2*w. Let o(h) = h**2 + 7*h - 9. Let x be o(-9). Suppose -c = -2 - x. Suppose 5*u - c = 4. What is p(u)?
-3
Let x(n) = 4*n - 4*n + 4*n + 4 + n**2. Let y(w) = -w**2 + 2*w + 3. Let b be y(4). Calculate x(b).
9
Suppose -2*m = 2 + 6. Let i = -1 - m. Let d(p) = p**2 - 2*p + 2. Give d(i).
5
Let h(s) be the first derivative of 1 + 0*s - 3/2*s**2 - 1/12*s**4 + 1/6*s**3. Let i(c) be the second derivative of h(c). Give i(2).
-3
Let p(n) = -n**2 - n - 4. Let y(g) = 3. Let s(f) = 2*p(f) + 3*y(f). Let b be (-3)/(6/2)*-1. Determine s(b).
-3
Let q(r) be the second derivative of 4*r + 0*r**2 + 5/6*r**3 + 0 + 1/20*r**5 + 1/2*r**4. Let x = -1 - 4. Determine q(x).
0
Let i(t) = -6*t**2 + 1. Suppose -20 + 8 = -4*m. Suppose m*o + 4*c = -3 + 8, -3*o = -3*c + 9. Let k be i(o). Let r(b) = -b**2 - 3*b + 6. Determine r(k).
-4
Suppose -2*y + 2*v + 2*v - 6 = 0, 5*y + 5*v + 30 = 0. Let q(f) be the third derivative of 0*f + 2/3*f**3 - 1/4*f**4 - 1/60*f**5 - 3*f**2 + 0. Determine q(y).
9
Let m(a) = a**2 - 9*a + 10. Let p be m(8). Suppose -4*t + 28 = 4*f, p*f = -t + 2 + 6. Let c(k) = -k**3 + 7*k**2 - 7*k + 5. What is c(t)?
-1
Let y = 9 - 15. Let o(u) = -u**3 - 5*u**2 + 4*u - 2. Give o(y).
10
Suppose -4*l = -3*l - 5. Suppose 2*b - l*q = -5, 0*q + 2 = 3*b + 2*q. Let y be (0 - b)/(1 - 3). Let s(x) = x + 1. What is s(y)?
1
Let p(y) = -y + 7. Let d be p(5). Let c(i) = 5 - 4*i - d + 2*i + 3*i. Determine c(-6).
-3
Let t(w) = -3 + 1 + 3 - w**3. Suppose -2*s = -6*s - 12. Let x(n) = 2*n**3 - 4*n**2 + 6*n + 4. Let l(k) = s*t(k) - x(k). Determine l(-5).
-2
Let i = 8 - -3. Suppose -3*o - 5 = -i. Let j(y) = -2*y**3 + 3*y**2 - 3*y. What is j(o)?
-10
Suppose 2 = f + 5*c, 3*f - c - 4*c + 14 = 0. Let d = 0 + f. Let h(k) be the second derivative of k**4/12 + k**3/2 - k**2/2 + k. Calculate h(d).
-1
Suppose -p + 2*p - 2*t - 2 = 0, -2*p + 12 = 4*t. Let g(s) = s + 5. Give g(p).
9
Let w(o) = o**3 + o**2 + 1. Let x(s) = -4*s**3 + 3*s**2 - s + 1. Let k(i) = 2*w(i) - x(i). Let a be (1 - 2)/(-1 + 2). What is k(a)?
-7
Let t(c) be the third derivative of -11*c**6/120 - c**5/30 - c**4/12 - c**3/6 + 5*c**2. Give t(-1).
10
Let j(h) be the third derivative of -h**5/60 + h**4/12 - h**3/6 + 10*h**2. Give j(2).
-1
Let i(j) = 5*j**2 + 1. Suppose -5*a + 5*w + 5 = 0, -4*a + 6 = 2*w - 7*w. Calculate i(a).
6
Let x(l) = 11*l**2 + 3*l + 15. Let a(k) = 4*k**2 + k + 5. Let f(w) = 8*a(w) - 3*x(w). Suppose 9*t = 6*t - t. Calculate f(t).
-5
Let d(w) be the first derivative of -w**2/2 - 1. Let m(r) = -r + 2 - 3*r**3 - 3*r**3 +